 Suppose 5*r + 10 + i = 0. Let t = 3 + r. Determine m(t).
6
Suppose 2*y - 16 = -2*y. Let b(j) = -j. Let w be b(y). Let p(h) be the second derivative of -h**4/12 - 2*h**3/3 + h**2 - h. Give p(w).
2
Suppose 3*y - b = -5*b + 10, -2*y + 2*b + 2 = 0. Suppose 4*r + 5*c = 1 - 4, -5*r = -c - 18. Let q(w) = -2*w**2 - 5*w + r*w**2 - y*w**2 - 5. Determine q(-4).
-1
Suppose 21 = -4*n + 5. Let v(g) = -2*g - 2. Calculate v(n).
6
Let i = -11 + 8. Let t(h) = -h - 5. Let a be t(-6). Let q(u) = 0 + u**2 - u + 5*u - a. Give q(i).
-4
Let o(q) = -q**3 + 8*q**2 + 9*q - 2. Suppose -2*d + 33 = 3*p, 5*d - d - 31 = p. Determine o(d).
-2
Let g(d) = -2*d**3 - 8*d**2 + 11*d + 13. Let n(x) = -3*x**3 - 12*x**2 + 16*x + 20. Let c(l) = 8*g(l) - 5*n(l). Give c(-5).
-11
Let p be (1 + 0)*-1 + 2. Let c(u) be the second derivative of u**6/360 + u**5/120 + 2*u**4/3 - 6*u. Let r(s) be the third derivative of c(s). Determine r(p).
3
Let d(c) be the first derivative of 3*c**4/2 + c**3/3 - c**2/2 + c - 2. Determine d(1).
7
Suppose -3*i + 9 = c, c - 3*i - 36 = -c. Let q = c + -18. Let h(o) = o - 2. What is h(q)?
-5
Suppose -5 = -2*o + 3. Suppose 5*g = u - o*u - 9, u - 2*g = -3. Let s = 5 + u. Let r(f) = -f**2 + 2. Calculate r(s).
-2
Let b = 10 + -5. Let m(a) be the third derivative of -5/6*a**3 + 0 - 1/60*a**5 + 1/4*a**4 + 0*a - a**2. Give m(b).
0
Let y(f) = -9*f**3 + f**2 + f - 1. Let s(h) = h + 3. Let b = 19 + -13. Let k = b + -8. Let l be s(k). Determine y(l).
-8
Suppose -d - 1 = 2*o - 3, 0 = -2*d + 4*o + 20. Suppose d = 3*s - 0. Let w(v) = 2 - 2*v**s + 1 + 6*v + 3*v**2. What is w(-5)?
-2
Let l(g) be the first derivative of -g**4/4 + 7*g**3/3 - 3*g**2 - 7*g - 13. Give l(5).
13
Let g(r) = -4*r + 84 + 2*r**2 - 74 - r**2 + 14*r. Give g(-7).
-11
Suppose 5*m + 5*p = -0*p + 30, 3*m - 10 = -p. Let j(s) = 0*s**2 - s**3 - s + 5*s**2 - 3*s**2. Calculate j(m).
-2
Let w be 4 + (0 - (-4 + 5)). Let b(t) be the first derivative of 1/4*t**4 + 3*t - 1 + 3/2*t**2 - 5/3*t**w. What is b(3)?
-6
Let b = -2 + 1. Let j(o) = 7*o - 1. Let p(t) = -t. Let s(w) = j(w) + 6*p(w). What is s(b)?
-2
Let l(c) = -c**3 + 3*c**2 + c - 4. Let j(v) = 3*v**3 - v**2 + 2*v - 1. Let a(k) = k**2 + 11*k + 11. Let r be a(-10). Let m be j(r). Calculate l(m).
-1
Let a(d) = -d**3 - 4*d**2 - 3*d + 1. Let v = -4 + 6. Suppose 4*q - z = -7 - 1, 0 = v*q + 5*z + 26. Determine a(q).
1
Let i(n) be the second derivative of 4*n**3/3 - n**2/2 + n. Let q = 9 + -10. Calculate i(q).
-9
Let n be 2 + 1 - 9/3. Suppose -7*w = -2*w + 2*j - 3, n = -5*w - 3*j + 2. Let x(f) = -7*f**2 + f. What is x(w)?
-6
Let i(d) = 1 + 4 - d - 3 + 3. Give i(8).
-3
Let y(z) = -10*z - 1. Suppose -10 = -5*d + 5*b, -d + 3 = -3*b + 1. What is y(d)?
-21
Let j be (21/15 - 2)*-10. Let v(w) = -w**3 + 5*w**2 + 8*w + 2. Determine v(j).
14
Let r(h) be the second derivative of h + 0 - 3/2*h**2 - 1/6*h**3. Let l = -1 + 1. Determine r(l).
-3
Let k(o) = o**2 - o + 2. Suppose 22*g = 21*g. Give k(g).
2
Let z(l) = -2*l - 1. Let g(o) = -o + 2. Let h be g(2). Let r = -1 + 2. Let a = h - r. What is z(a)?
1
Let z be 2/3*(-27)/(-6). Let l(a) be the third derivative of a**5/60 - a**4/6 - a**3/2 + 2*a**2. Give l(z).
-6
Let i(d) be the first derivative of 1/2*d**2 + 2/3*d**3 - 2*d - 3 - 1/4*d**4. Give i(3).
-8
Let r(h) = 1 + 3 - h + 1. Let c be (-1)/((6/3)/(-14)). Suppose -13 - c = -5*u. Determine r(u).
1
Let z(f) = -f**2 - 5*f - 5. Let y(g) = g**2 + 6*g + 6. Let o(q) = -5*y(q) - 6*z(q). Let m(x) = 19*x - 2. Let d be m(-1). Let t = 23 + d. What is o(t)?
4
Suppose -477*o = -478*o - 2. Let c(m) be the first derivative of -m**3/3 - 3*m**2/2 - m - 1. What is c(o)?
1
Let p(f) = 18*f**2 + f. Suppose -11 = 3*n - 14. Determine p(n).
19
Let w(v) = -v**2 - 7*v - 5. Suppose -5*t - 49 = -2*z - 2*z, -4*z - 42 = 2*t. Let a = t + 8. Give w(a).
5
Let c(a) = -5*a + 1. Suppose 14 = -u + 15. Give c(u).
-4
Let x(l) = -l**2 - 4*l - 6. Let o = 10 + -55. Let m be 2/(-8) - o/(-12). Determine x(m).
-6
Let n(b) = -9*b - 2. Let p(z) = -4*z - 1. Let v(c) = -3*n(c) + 7*p(c). Give v(-4).
3
Let m = -4 - -8. Let j(l) = -3 + 3 + 3*l**2 + 4*l - 5 - l**3. What is j(m)?
-5
Let c be ((-2)/4)/(3/(-6)). Let k(s) = -s**3 - 11*s**2 + 5*s + 3. Let x(o) = -o**3 - 7*o**2 + 3*o + 2. Let v(f) = -5*k(f) + 8*x(f). What is v(c)?
-4
Suppose -2*d + 8 = 2*d. Let v(i) = 10*i - 50. Let n(l) = -l + 7. Let b(c) = -7*n(c) - v(c). Calculate b(d).
-5
Let c(o) be the third derivative of -o**4/24 - o**3/2 - 5*o**2. Let h be 1/(-4) - (-81)/4. Suppose -h = -3*b - 8. What is c(b)?
-7
Suppose -5*q = -y + 3*y - 4, -2*q + 10 = -2*y. Let i(n) be the second derivative of -n**4/12 + n**3/6 - n. Give i(q).
-2
Let g(k) = -k + 10. Let m be g(7). Let h(u) = 3*u + m + 0*u + 2*u. Let d(a) = -a + 3. Let c be d(5). Determine h(c).
-7
Let w(p) = 3*p - 3. Let j be w(3). Let i be 0/1 - (-2 - -6). Let z be j/(-2*2/i). Let o(v) = v - 8. What is o(z)?
-2
Let l be (20/(-3))/(-2) - (-8)/(-6). Let q(f) = 2*f**3 - 2*f**2 + f - 2. What is q(l)?
8
Let t(r) be the third derivative of -r**6/120 + r**5/12 + 3*r**2. Let g(v) = v. Let b(q) = 5*g(q) + t(q). Give b(6).
-6
Let r(m) = -3*m**2 + 5. Let c(p) = -5*p**2 - p + 9. Let x = 0 + 7. Let h(z) = x*r(z) - 4*c(z). Calculate h(5).
-6
Let m(v) = -v**2 + 3*v - 1. Let j be m(1). Suppose 3*o = -2*t, 0 = -2*o - 3*o - 3*t - j. Let k be (-6)/4*o/3. Let x(i) = 3*i - 1. What is x(k)?
2
Let b(m) = 3*m + 52. Let g be b(-20). Let k(p) = p**2 + 11*p - 3. Determine k(g).
-27
Let c(q) be the first derivative of -2*q**3/3 + q**2 - 2. Let o be (10/15)/((-1)/(-15)). Suppose -6*n + 5*a + 35 = -n, 2*a = -o. Determine c(n).
-4
Let m(q) = 2*q + 3. Let w be m(-5). Let x = -3 - w. Let c(j) be the third derivative of j**5/60 - j**4/6 + j**3/3 - 2*j**2. Determine c(x).
2
Let p(n) be the first derivative of n**4/4 - 5*n**3/3 + 3*n**2/2 - 4*n - 7. What is p(4)?
-8
Let x(y) = 5*y. Suppose 3*z + 17 = o, 3*o + 5*z - 31 = 10*z. Suppose 2*l - 10 = 0, o*g + 4*l = 3*g + 17. Determine x(g).
15
Let u(m) = -2*m**2 + 4*m**2 - m**2 + 1. Let a = 11 - 9. Give u(a).
5
Let z(h) be the second derivative of -h**3/2 - h**2/2 + h. Suppose 2*y - 9 = -3*p + 4*p, -4*y + 15 = p. Determine z(p).
2
Suppose 0 = 3*q + 2*q - 50. Let g = q - 6. Let n(l) be the second derivative of l**4/12 - l**3/3 - l**2 - 24*l. Give n(g).
6
Let w(j) = -3*j - 2*j - 2*j + 2. Let n(p) = -10*p + 3. Let t(q) = -5*n(q) + 7*w(q). Calculate t(0).
-1
Let z be (-1)/(-3*4/60). Suppose 6*a = z*a + 5. Let i(u) = u**3 - 4*u**2 - 6*u - 3. Determine i(a).
-8
Let d(m) be the first derivative of m**6/24 + m**5/60 - m**4/24 + 3*m**2/2 - 1. Let j(a) be the second derivative of d(a). Calculate j(1).
5
Let u(l) = 2*l**3 - 5*l**3 + 4*l - 1 + 2 + 2*l**3. Give u(-3).
16
Let a(p) be the second derivative of p**6/720 - p**5/60 + p**4/12 - 2*p. Let k(g) be the third derivative of a(g). What is k(-4)?
-6
Suppose 3*z + 3*j = -36, -26 = 2*z + 3*j + 2. Let b(p) = -p**2 - 9*p - 1. What is b(z)?
7
Let h be (-38)/(-3) + 2/(-3). Suppose 5*i + h - 2 = 0. Let d(n) be the third derivative of n**5/60 + n**4/24 - n**3/6 + n**2 - 45. Determine d(i).
1
Let k(a) = 4 + 4 + 0 - 5 - 4*a. Let c be 26/7 + (-6)/(-21). Calculate k(c).
-13
Let l(f) = f + 6. Let g be 1/(-3) - 30/(-9). Suppose -x + 8 = g*x. Suppose 5*w + q + 22 = 0, -x*w - 2*w - 26 = -2*q. What is l(w)?
1
Let i = 4 - 4. Let h(s) = s + 6. Let m be h(i). Let u(a) = -2*a**2 + a + 3*a**2 - 8*a + 9. Give u(m).
3
Let u(k) = k - 1. Let c(r) = r**2 - 3*r - 8. Let t be c(4). Give u(t).
-5
Suppose 2*h + q + 17 = -4*q, 2*h - q - 13 = 0. Let i = 9 - h. Let n(y) = y**3 - 5*y + 3 - 2*y**2 - 2*y**2 - 2 + 5. Give n(i).
6
Let z(f) = 3*f - 2. Suppose -2*n - 5*v - 24 = 0, 5*v = 3*n - n - 16. Give z(n).
-8
Suppose 16 = z + 4. Let b(y) = 0 - 11*y + z*y - 1. What is b(0)?
-1
Let f(i) = -2*i - 4. Suppose -7 = -2*o - 5*x + 6, 8 = o + x. Suppose g + o = 3*y, 4*y = -3*g + 17 + 8. Calculate f(g).
-10
Let f(n) = -n**2 - 6*n - 4. Suppose 2*h - 3*h = 4. Let d be f(h). Let j(b) = -b**2 + 4*b - 6. Calculate j(d).
-6
Let w = 5 + -1. Let y(p) = 2*p**2 - 8*p + 10. Let i(l) = -l**2 + 4*l - 5. Let h be 2/(-1 - -3) - -5. Let t(q) = h*y(q) + 13*i(q). Calculate t(w).
-5
Suppose -5*k - 4 = 26. Let l(p) = 4*p**3 - 6*p**2 + p - 15. Let y(v) = -5*v**3 + 6*v**2 - v + 17. Let a(f) = 6*l(f) + 5*y(f). Give a(k).
-11
Let b(k) = 4*k**2 - 31*k**